{"id":93,"date":"2014-12-01T16:40:09","date_gmt":"2014-12-01T15:40:09","guid":{"rendered":"http:\/\/percorsidilegalita.cinemovel.tv\/?page_id=93"},"modified":"2014-12-01T16:40:09","modified_gmt":"2014-12-01T15:40:09","slug":"progetto","status":"publish","type":"page","link":"https:\/\/cinemovel.tv\/sic\/2019\/progetto\/","title":{"rendered":"Progetto"},"content":{"rendered":"<h2>Schermi in Classe, l\u2019etica libera la bellezza<\/h2>\n<p><em>&#8220;I pi\u00f9 grandi nemici della mafia sono la cultura e la conoscenza. Il suo miglior amico \u00e8 l\u2019ignoranza. Proprio quella che vediamo diffondersi anche nel nostro paese come una nuova ideologia e per combatterla anche il cinema pu\u00f2 fare la sua parte&#8221;.<\/em><br \/>\n<strong><em>Ettore Scola<\/em><\/strong>, Presidente onorario Cinemovel Foundation<\/p>\n<div class=\"omsc-divider omsc-border-small omsc-style-single\" style=\"\"><\/div>\n<p>&nbsp;<\/p>\n<p><strong>SCHERMI IN CLASSE<\/strong> \u00e8 un progetto culturale innovativo che porta il cinema su grande schermo direttamente agli studenti, allestendo <strong>sale cinematografiche temporanee<\/strong> nelle scuole italiane. Promosso da Cinemovel Foundation e dall\u2019Associazione Libera, fondata da Luigi Ciotti, il progetto \u00e8 sostenuto da MIUR e MIBAC, e si avvale della consulenza alla programmazione di Fabrizio Grosoli.<\/p>\n<p>Nel <strong>Piano Nazionale \u201cCinema per la scuola\u201d<\/strong>, pubblicato dai due ministeri, la capacit\u00e0 di interpretare le immagini in movimento \u00e8 indicata come strumento imprescindibile per la creazione di societ\u00e0 inclusive, civili e moderne. <strong>Comprendere un film<\/strong> o un video, consente l\u2019accesso a un linguaggio universale, sempre pi\u00f9 al centro della comunicazione contemporanea.<\/p>\n<p><strong>SCHERMI IN CLASSE<\/strong> \u00e8 la prima proposta nazionale di <strong>cinema itinerante e comunicazione sociale<\/strong> per le scuole italiane e nasce dall\u2019esigenza di costruire un <strong>nuovo strumento per fare didattica con il cinema<\/strong> e con le immagini in movimento. Scrive il professor <strong>Francesco Casetti<\/strong>, della Yale University, a proposito del modello proposto da Schemi in Classe <em>&#8220;Il cinema \u00e8 uno strumento pedagogico fondamentale, che ha modellato storicamente la vita moderna, raccogliendone e rilanciandone i temi e i ritmi. Ma attenzione: il film \u00e8 un\u2019operazione di mobilitazione, pi\u00f9 che di sedimentazione. Serve per <strong>far esplodere la coscienza<\/strong>&#8220;<\/em>.<\/p>\n<p>Le scuole coinvolte nel progetto sceglieranno uno dei percorsi proposti: <strong>corruzione e diritti<\/strong>, <strong>ambiente e sostenibilit\u00e0<\/strong>, <strong>memoria<\/strong>, <strong>inclusione e povert\u00e0<\/strong>, ospitando le proiezioni e gli incontri con registi e autori. Durante il percorso gli studenti accedono a una piattaforma dedicata su cui condividono contenuti multimediali selezionati dal web in relazione ai temi affrontati. Sempre online, autori, registi ed esponenti della societ\u00e0 civile responsabile, attraverso interviste video, riflettono e pongono domande agli studenti, dando vita a un dialogo che unisce le scuole nella costruzione di un immaginario collettivo.<\/p>\n<p>Tra settembre e dicembre 2019, <strong>SCHERMI IN CLASSE<\/strong> raggiunger\u00e0 15 scuole e pi\u00f9 di 2.500 studenti, rimettendo al centro dell\u2019universo scuola la magia del cinema e la visione collettiva partecipata, permettendo al cinema di continuare a fare ci\u00f2 per cui \u00e8 nato: raccontare storie.<\/p>\n<div class=\"omsc-divider omsc-border-small omsc-style-single\" style=\"\"><\/div>\n<p><strong>CREDITI<br \/>\nSchermi in Classe<\/strong> \/ l\u2019etica libera la bellezza \u00e8 promosso da <strong>Cinemovel Foundation<\/strong> e <strong>Libera<\/strong>, Associazioni nomi e numeri contro le mafie<br \/>\nCon il sostegno di Ministero dell\u2019Istruzione, dell\u2019Universita e della Ricerca &#8211; <strong>MIUR<\/strong> e il Ministero per i Beni e le Attivit\u00e0 culturali &#8211; <strong>MIBAC<\/strong><br \/>\nPartner: <strong>Libera Informazione<\/strong>, <strong>Legambiente<\/strong>, <strong>Teche Rai<\/strong>, <strong>Centri Europe Direct<\/strong>, <strong>Rete dei Numeri Pari<\/strong>, <strong>Gruppo Abele<\/strong>, <strong>Ed-work<\/strong><\/p>\n<div class=\"omsc-divider omsc-border-small omsc-style-single\" style=\"\"><\/div>\n<p><a href=\"https:\/\/cinemovel.tv\/sic\/wp-content\/uploads\/2019\/10\/Kit-didattico_def.pdf\"><span style=\"color: #ff0000;\">Scarica il KIT DIDATTICO di Schermi in Classe<\/span><\/a><\/p>\n","protected":false},"excerpt":{"rendered":"<p>Schermi in Classe, l\u2019etica libera la bellezza &#8220;I pi\u00f9 grandi nemici della mafia sono la cultura e la conoscenza. Il<\/p>\n","protected":false},"author":1,"featured_media":0,"parent":0,"menu_order":1,"comment_status":"closed","ping_status":"closed","template":"","meta":{"_links_to":"","_links_to_target":""},"aioseo_notices":[],"_links":{"self":[{"href":"https:\/\/cinemovel.tv\/sic\/2019\/wp-json\/wp\/v2\/pages\/93"}],"collection":[{"href":"https:\/\/cinemovel.tv\/sic\/2019\/wp-json\/wp\/v2\/pages"}],"about":[{"href":"https:\/\/cinemovel.tv\/sic\/2019\/wp-json\/wp\/v2\/types\/page"}],"author":[{"embeddable":true,"href":"https:\/\/cinemovel.tv\/sic\/2019\/wp-json\/wp\/v2\/users\/1"}],"replies":[{"embeddable":true,"href":"https:\/\/cinemovel.tv\/sic\/2019\/wp-json\/wp\/v2\/comments?post=93"}],"version-history":[{"count":0,"href":"https:\/\/cinemovel.tv\/sic\/2019\/wp-json\/wp\/v2\/pages\/93\/revisions"}],"wp:attachment":[{"href":"https:\/\/cinemovel.tv\/sic\/2019\/wp-json\/wp\/v2\/media?parent=93"}],"curies":[{"name":"wp","href":"https:\/\/api.w.org\/{rel}","templated":true}]}}